the value of -1 + (5 - 5) - (4 + -4)?
-1
What is the value of -12 - (-31 - -8) - 1?
10
Calculate (2 - 1) + 16 + -13.
4
What is 0 + -4 - (2 - 4)?
-2
Calculate -1 - (3 - (-1 - -4) - -2).
-3
What is the value of (-17 + 13 - (1 - -1)) + 3?
-3
Evaluate (-10 - -13) + (-2 - -1) - 0.
2
Evaluate 4 + (-4 + -3 - -4).
1
-3 + 5 - 0 - 2
0
Calculate 3 + -8 + 7 + -5.
-3
Evaluate 5 + 4 - 7 - 1.
1
Evaluate -8 + 6 + -5 + (0 - 0).
-7
What is the value of 2 + (-6 - 0) - -5?
1
What is 2 + -4 + 9 + -8?
-1
Evaluate -4 + 2 - -7 - (6 - 1).
0
What is the value of -9 - 0 - (-74 - -67)?
-2
What is the value of (7 - -1) + 1 - 12?
-3
What is 3 + (-3 - -7) + -7?
0
0 - (-3 + -1 + 1) - -2
5
1 - (4 + -2) - 1
-2
Evaluate -2 + 2 + -1 + 2.
1
What is the value of -11 + (-3 - -1 - -7) - -6?
0
Evaluate (-4 - 1) + -31 + 34.
-2
Evaluate -6 - (-3 + -4 - -1).
0
1 + -2 + 2 + -2 + 3
2
6 + (0 - 2) + (0 - 9)
-5
-3 + (7 - 1) + 0 + -1
2
Evaluate (11 + 5 - 6) + -6.
4
What is the value of 5 - (3 + 1) - 3?
-2
Calculate -6 - (-1 + 4 + -7).
-2
Evaluate -5 + (10 + -20 - -15).
0
Evaluate 7 - (4 - 1 - (-8 - -1)).
-3
(6 - 3) + -2 + -5
-4
What is the value of 3 + (-8 - -4 - 0)?
-1
2 + (-1 - -2 - (-6 - -11))
-2
What is the value of -5 + 6 + 0 + -8?
-7
(-12 - -23) + -2 + 3 + -5
7
What is the value of (-3 + 4 - -1) + 2?
4
What is -2 - ((0 - -2) + 5) - -1?
-8
What is the value of 5 + (-8 - -7 - 1)?
3
What is the value of 4 - -3 - (7 + -4)?
4
Calculate -1 - (-3 - (5 - 2)).
5
What is 8 + 1 - (-4 - -12)?
1
4 + -5 + (-3 - -7) - 7
-4
What is 5 + -10 + 1 + -2 + 1?
-5
What is (4 - 4) + (-7 - -3 - -1)?
-3
What is 3 - 7 - (-9 - -6)?
-1
-4 + (-4 - -4) + -1
-5
Calculate 4 - (-3 + 8) - (2 + -6).
3
Evaluate 3 + 1 + -2 - 1.
1
Calculate -7 - (4 - 7 - 5).
1
-8 - (-3 - -5 - 4)
-6
What is the value of -5 + (-3 - (-6 + 3))?
-5
Calculate (11 - 10 - -8) + -2.
7
What is the value of -1 - -2 - (-7 - 1) - -1?
10
6 + -2 + 0 + -2
2
-8 - (-2 + (3 - 8))
-1
What is the value of 2 + -3 + -1 - -1?
-1
-3 + 1 + 0 + (-1 - -1)
-2
What is the value of 1 - -4 - (0 + 2)?
3
2 + -6 + 11 + -6
1
Evaluate (-22 - -25) + (2 - -1).
6
What is the value of (5 - 2) + 0 + -7 + 5?
1
-2 + 2 + 0 + -4 + 5
1
Evaluate (-2 - -11) + (6 + 2 - 12).
5
Calculate -6 - -7 - (2 + 2).
-3
What is the value of 8 + 0 + -1 + -5?
2
Calculate -29 + 35 - (3 - (-1 + -4)).
-2
Calculate 6 + -4 - 6 - (0 + 1).
-5
What is the value of -5 + -2 + 1 + 7 + 6?
7
What is the value of -6 - (2 - 5 - 0)?
-3
What is the value of -1 + (6 - 2 - (0 - -7))?
-4
7 - (19 + -2 + -5)
-5
1 + -2 + (9 + -6 - 5)
-3
-20 - -23 - (0 + -3 + 9)
-3
What is 5 + (-30 - -25) + 4 + -1?
3
Evaluate (11 - 15) + (-1 - -8).
3
What is 10 - ((23 - 3) + -2)?
-8
Calculate -2 + 5 - 3 - 0.
0
(14 - 8) + -8 - (-7 + 1)
4
What is the value of 1 - (-7 + (-2 - -8))?
2
Calculate -12 + 3 - -2 - (0 + -2).
-5
Calculate 5 - (-9 + 4 + 4 - -9).
-3
Evaluate -7 - (17 - 8 - 8).
-8
What is -2 + 2 + -6 + 8?
2
What is -6 - (1 + 0 - 3)?
-4
Evaluate 2 + (3 - 4) - (3 + 0).
-2
3 + (6 - 5 - 6) - 1
-3
What is the value of (11 + -18 - -2) + -1?
-6
Evaluate (0 - (-3 + 3)) + 4 + 1.
5
What is -62 + 58 - (0 + -5)?
1
What is (2 - (-4 - 1 - -3)) + -2?
2
Calculate -2 + -3 + 7 - (-2 - -4).
0
-8 + 4 + -1 + 3
-2
What is -4 - (7 - 4 - 0 - 6)?
-1
What is the value of 2 + 2 - 0 - (-9 - -6)?
7
What is 1 + -3 + (5 - (-1 + 7))?
-3
What is (-3 - -2) + -1 + -3 + 5?
0
8 + -18 - -9 - 0
-1
What is -6 - (4 - (-1 - -12))?
1
Evaluate -9 - (-1 + 3 + -4 - 2).
-5
What is the value of 6 + (23 - 23) + (4 - 1)?
9
Evaluate -6 - (2 + 1 + 0 + -4).
-5
What is (-2 - 1) + (-5 - 5 - -7)?
-6
What is the value of -3 - (4 + -27 + 11)?
9
Evaluate (-1 - -1) + (6 - 1).
5
What is the value of (5 + (-6 - -6) - -8) + -7?
6
What is (-4 - 5) + 3 + 5?
-1
Evaluate (3 - 7) + 5 - 5.
-4
What is -1 + 0 + 5 + -13 + 7?
-2
Evaluate 3 + 1 - (2 + 2).
0
Evaluate (8 - 1) + -2 + -2.
3
What is the value of -1 + -4 + 3 + -5 + 3?
-4
Calculate 3 + (1 - 4) + -6.
-6
What is the value of -1 + (-4 - 0) + 3 + -3?
-5
-26 - -21 - (-6 + 0)
1
9 - 6 - (0 - -2) - 0
1
What is the value of -2 + 1 + -2 + 2 + 2?
1
What is 1 + -4 + 8 + (0 - 8)?
-3
(6 - (-1 - 1)) + (-16 - 0)
-8
Calculate -8 - (-5 - -2 - 8).
3
Calculate -2 + -3 + (-7 - -15).
3
What is the value of 0 + 6 + -1 - (3 + 0)?
2
Evaluate -1 + -1 + 4 + -2 + 5.
5
(6 + -3 - 3) + -3 - -1
-2
What is -11 + 11 - (2 + (2 - 0))?
-4
Calculate -2 + 3 - (-5 + 0).
6
What is 0 - (-1 - 5) - 4?
2
What is 1 + (-1 + -6 - (-19 - -7))?
6
What is -4 + 1 - 1 - 0?
-4
Evaluate -4 + 0 + (1 - 1) + 2.
-2
What is the value of 17 - 7 - (4 + 2)?
4
Evaluate 1 - 1 - (3 + -2).
-1
Calculate 4 + (-1 + -5 - -6).
4
3 + -8 + 0 - (0 + -1)
-4
What is (1 - 6) + (-6 - -10) + 5?
4
Calculate -4 - 0 - (2 - 6) - 4.
-4
6 - (4 - (7 + -5) - -5)
-1
Calculate 0 - (-3 + 2 + -1) - -2.
4
What is the value of 2 + -5 + (-3 - (-2 - 3))?
-1
Calculate -3 + 3 + (-6 - -6 - -2).
2
What is the value of -2 + -4 + 2 + -3 + 11?
4
What is 3 + -7 + -6 + 15?
5
64 + -65 + 0 + 5
4
Evaluate 1 - (8 + -2 + 0 + -2).
-3
What is 5 + (-4 - 0) + 3?
4
What is -1 - (-1 + -1 + (3 - -2))?
-4
-7 - (-1 - -9 - 14)
-1
Calculate 4 - (9 - (0 - -7)).
2
Calculate 7 + 6 + -2 + -5.
6
Calculate 2 + 7 + -16 + 0.
-7
What is -3 + 2 + 6 + (2 - 6)?
1
Calculate -5 - -4 - 1 - 1.
-3
What is the value of -5 + 5 - (-1 + (1 - -1))?
-1
Evaluate -1 - (-6 + -8 + 8).
5
What is the value of 214 + -214 + -1 + -1 + 6?
4
What is the value of 4 + 2 - (-4 - (-1 + -8))?
1
Evaluate 8 + -3 + -2 + -3.
0
Evaluate -3 + 5 + 0 - 0.
2
Evaluate (-1 - (-5 + 1)) + -7.
-4
Calculate (1 - 4) + 17 + -12.
2
Evaluate 0 + (1 - (2 - -3)).
-4
Calculate (-34 - -31) + (8 - (6 + -4)).
3
What is the value of 2 - (4 - (12 - 3))?
7
4 + -5 + 1 + 0 - 3
-3
What is the value of 1 - 0 - (22 + -25)?
4
Evaluate 0 + -2 + 0 + 7 + -7.
-2
Calculate 3 + 4 + -4 + 2.
5
2 - (8 - 0 - 5)
-1
(-1 - 3) + 11 + -5 + 5
7
Evaluate -44 + 44 - (-3 + 0).
3
Evaluate (8 - 21) + (-4 - -23).
6
Evaluate -3 - -5 - -4 - 10.
-4
What is the value of 5 - (-1 - 1 - -8)?
-1
1 + -5 - (0 + 0)
-4
Calculate -6 + (-6 - (-10 - -1)).
-3
Evaluate 2 - (6 + -3) - (-4 + -1).
4
What is the value of 3 - (1 + -1) - 7?
-4
What is 5 + -1 + 43 + -49?
-2
What is the value of (3 - -6) + (-4 - (-3 - -3))?
5
What is 5 + -3 + -3 + -1 - -6?
4
Calculate 14 + -8 - (2 + 2).
2
Evaluate (21 - 7) + (-3 - 3).
8
Evaluate (-2 - -4) + -4 + 0 + 4.
2
Evaluate 5 - (0 - (-6 - 2)).
-3
What is the value of (5 - (3 - -1)) + 0?
1
What is the value of (15 - 16) + (-3 - -2)?
-2
-3 - (33 + -34 - (2 - 7))
-7
Evaluate -3 + 4 + (-1 - -1).
1
What is -8 + 2 + (2 - 0) + 1?
-3
What is 8 - (1 + (2 - 0))?
5
What is the value of (8 - (-6 - -15)) + -7?
-8
Evaluate 0 + 1 - (-8 + 5).
4
Calculate 3 + (-5 - -1) + 6 + -6.
-1
10 - ((-2 - -4) + 3)
5
What is 3 + (2 - (4 - 0 - 1))?
2
What is 4 + -9 + -3 - -2?
-6
4 + (-2 - -9 - (3 - -2))
6
What is 5 - (1 + (2 - (7 + -4)))?
5
Calculate (4 - 0 - 5) + (-3 - 1).
-5
What is the value of 1 - ((4 + 0 - 3) + 3)?
-3
Calculate -2 + 4 + -1 - (-4 - -4).
1
Calculate (-3 - (-3 - -4)) + 8.
4
Evaluate -3 + 8 + 0 + -1.
4
Evaluate (22 - 30) + 2 + 1 - 0.
-5
0 + (2 - 0) - (5 - 5)
2
Calculate -12 - ((12 - 10) + -9).
-5
(-27 - -43) + (1 - 13)
4
What is 4 - (4 + (-5 - -2) - -8)?
-5
What is 2 - ((1 - 0) + 3)?
-2
What is 5 + 3 + -3 + 0 - 3?
2
Calculate 3 - (7 + 6) - -8.
-2
Calculate -4 + (-5 - (6 - 14)).
-1
Calculate -42 + 36 + 3 + 1.
-2
-3 + 13 + (13 + -10 - 7)
6
Calculate 2 + -4 + -2 - 0.
-4
What is 9 + (3 - 16 - (2 - 4))?
-2
(4 - 2) + -2 + -1 + 2
1
What is the value of 23 - (4 - -12) - (6 + -2)?
3
What is (-3 - -4) + -1 - (-6 + 1)?
5
Evaluate 1 - 4 - (9 + -8).
-4
Calculate 1 + 0 + (2 - (-1 + 4)).
0
4 - (-1 - (0 - 1))
4
Evaluate (10 - 16) + 7 + -2 + 2.
1
-10 + (-8 + 11 - -1)
-6
Calculate (1 - 3) + (0 - 0).
-2
What is the value of 2 + 4 + 0 + 0 + 1?
7
What is -10 - (5 + -6 + -3)?
-6
Evaluate 2 - (4 + (-5 - 1 - -1)).
3
What is the value of (-7 - -5) + -6 - -3?
-5
Calculate (4 - 18 - -2) + 11.
-1
Evaluate 5 + -8 + 3 - 0.
0
What is (7 - 3) + -2 + 0 + 3?
5
Evaluate -7 - (-5 - (-7 + 4)).
-5
What is (2 - (4 + -4)) + -3?
-1
What is the value of -5 + 5 - (6 + -2)?
-4
Evaluate 2 + -2 + 2 + -1.
1
What is the value of -18 + 16 - (6 - 0) - -2?
-6
-7 + (-7 + 13 - -4)
3
What is the value of (0 - (2 + 2)) + (2 - 2)?
-4
What is 101 + -99 - (-1 - -1)?
2
What is the value of (1 - 7) + 4 + 3?
1
What is -4